tens digit of w?
7
Let u(s) be the second derivative of -s**4/6 + 4*s**3/3 - 2*s**2 + 5*s. Let a be u(5). Let i = 15 + a. What is the units digit of i?
1
Let z(x) = x**2 - 12*x - 51. Suppose 9*w = 15*w - 126. What is the units digit of z(w)?
8
Let a be (-3)/(-15) + (-3)/(-15)*-11. What is the tens digit of -2 + 1 - (222/a + -2)?
1
Let c(u) = -u**2 + 11*u + 18. Let g be c(13). Let r(q) = -q**3 - 5*q**2 + 7*q - 2. What is the units digit of r(g)?
4
Suppose 5*s = -4*a - 649, -s = -5*s - 4. Let g = 505 + a. What is the units digit of g?
4
Let s(p) = -3*p + 12. Let m be s(-6). What is the units digit of (m/(-4 - -3))/(-1)?
0
Let w = -2914 + 6651. What is the hundreds digit of w?
7
Let j = 67 - 64. Let a(h) = 26*h**2 - 3*h + 8. What is the hundreds digit of a(j)?
2
Suppose -7*s + 10*s - 72 = 0. Let a = s - -114. What is the tens digit of a/8 - 6/24?
1
What is the hundreds digit of (16/(-28))/((-5)/1085)?
1
Let s(z) be the second derivative of -z**2/2 + 3*z. Let t(r) = -9*r - 10. Let o(w) = -5*s(w) + t(w). What is the tens digit of o(-3)?
2
What is the hundreds digit of (-1)/(-5) + 378/135 - -420?
4
Let n(c) = 35*c**2 - 10*c - 80. What is the thousands digit of n(-12)?
5
Let t(o) = 5*o**2 + 18*o + 10. What is the tens digit of t(11)?
1
Let t be (-175)/(-5) - (-1 - 1). Suppose 50 + t = 3*x. What is the units digit of x?
9
Suppose -11 = -6*a + 1. Let y be 106/22 - 2/(-11). Suppose -y = -a*x + 57. What is the tens digit of x?
3
Suppose 8 = 2*j + 2*j. Suppose 3*c + 38 = -5*o, -5 - 3 = j*o. Let f(l) = -3*l + 6. What is the units digit of f(c)?
4
Suppose 4*d - 4 = 7*d + 5*t, 6 = -3*d - 3*t. What is the units digit of 60 - (d + -2 - -2)?
3
Let i(w) = 39*w + 10. Let x be i(-3). Let f = x + 181. Suppose 3*a - 4*d = f, 3*a - 24 = -3*d + 15. What is the units digit of a?
8
Suppose 2*d - 5*d = -u + 116, 3*d = -4*u - 121. Let k = d + 42. What is the units digit of k?
3
Suppose -2*o = 3*o + 45. Let a be -3 + (11 - o/(-3)). Suppose -a*g + 100 - 30 = 0. What is the tens digit of g?
1
Let p(a) = a**3 + a**2. Let h(b) = 3*b**3 - 2*b**2 - 5*b + 6. Let x(r) = -h(r) + 4*p(r). Let z be x(-5). What is the units digit of (-402)/(-33) + z/33?
2
Let r(j) = j**3 - 8*j**2 - 9*j - 6. Let y be r(9). Let c(o) = -2 + 5 + 6 + 2*o**2 - 44*o + 52*o. What is the units digit of c(y)?
3
Suppose 2*s + 19 = 3*s - 4*a, 16 = -4*a. Let c(m) = -m + 8. Let q be c(s). What is the units digit of 17 + 1/q*0?
7
Let f = -1481 - -3062. What is the thousands digit of f?
1
Suppose 20 = 4*u, -5*l + 990 = 5*u - 0*u. Suppose -l = -5*o + 207. What is the units digit of o?
0
Suppose -m - 16 - 57 = -2*u, 0 = -5*m + 25. Let q(d) = 24*d - 7. Let f be q(6). Suppose 3*h - j = f, -u = -3*h + 2*h - j. What is the units digit of h?
4
What is the units digit of 56/(-14)*(-3 + -161)?
6
Let w(o) = -5*o**3 - o**2 + 10*o - 1. What is the thousands digit of w(-7)?
1
Suppose x = -41 + 23. What is the units digit of (-556)/(-24) + 3/x?
3
Let k(g) be the second derivative of 5*g**3/2 - 19*g**2/2 - 25*g. What is the units digit of k(9)?
6
Let q = 8 + 3. Let b(h) = -h**3 + 12*h**2 - 11*h - 8. Let d be b(q). What is the units digit of -19*d/4 + 3?
1
Suppose -37*c = -18*c - 27455. What is the hundreds digit of c?
4
Let d(g) = 57*g + 39. What is the tens digit of d(9)?
5
Let n = 864 - 456. What is the hundreds digit of n?
4
Let g(m) = -m**2 + 5 + m**3 + 0*m**3 - 4*m**2. Let n be g(5). Suppose -3*f = -n*f + 6. What is the units digit of f?
3
Suppose -20*i + 23*i - 87 = 0. Suppose 15 = -2*u + 4*g + 3, u + 5*g - i = 0. Suppose 0*x = 3*c - u*x - 64, c - 5*x - 36 = 0. What is the units digit of c?
6
Let a(h) = 4*h - 7. Suppose 5*l - 42 + 7 = 0. Let n be a(l). Let x = -2 + n. What is the units digit of x?
9
Let h be (1 - (-4)/(-1)) + -1. Let b be h/(-6) - 512/(-24). Let a = b - 11. What is the units digit of a?
1
Let a = 160 - 155. Suppose -a*c + 924 - 64 = 0. What is the tens digit of c?
7
Suppose 8*d + 147 - 7235 = 0. What is the units digit of d?
6
What is the hundreds digit of (2/(-4)*1436)/(-1)?
7
Suppose z = 4*z + 3*h - 18, 3*z - h - 10 = 0. Suppose 3*u - z = 5. Suppose 0 = -3*j - 3*t + 12, 4*j - 2*t = -u*t + 10. What is the units digit of j?
2
Suppose 20*o - 39 = 23*o. Let a = o - -18. Suppose 3*w = 4*v - 192, 4*w + 126 = a*v - 113. What is the units digit of v?
1
Let v = -47 + 53. What is the units digit of ((-174)/4)/((-3)/v)?
7
What is the tens digit of (-1 + -41)/((-28)/1526)?
8
Let o(a) = -3*a - 3*a + 5*a + 2*a + 29. What is the tens digit of o(-10)?
1
Let v(g) = g**3 + 11*g**2 - g - 4. Let q be v(-11). Suppose 53 = -q*y + 1047. Let a = y + -70. What is the units digit of a?
2
Let n(t) = 3*t**2 - 8*t - 10. Let f be n(7). Suppose 5*p - f + 21 = 0. What is the units digit of p?
2
Suppose -4*d - 10 = 2. Let a be (d + 5)/1 + 14. Suppose -10*f = -6*f - a. What is the units digit of f?
4
Suppose -4*a = -d - 9 - 302, -5*d - 323 = -4*a. What is the units digit of a?
7
Suppose 3*x - 21 = 36. Suppose -p = -2*j - 5, 2*p - 5*j - 22 = -7. Let a = p + x. What is the tens digit of a?
1
Let u(s) be the second derivative of s**5/20 + s**4/2 + s**3 + 3*s**2 + 9*s. Let k be u(-5). What is the units digit of k*((1 - -7) + -3)?
5
Let q(i) = i**3 + 10*i**2 + 4*i + 4. Let j be q(-8). Let k = -66 + j. Suppose -3*d = -k - 20. What is the tens digit of d?
1
What is the units digit of (2 + 1848/9)*(-714)/(-68)?
7
Suppose -5*s - 43*l = -40*l - 5248, -2100 = -2*s - l. What is the hundreds digit of s?
0
What is the units digit of (5 - 8 - -8)*116?
0
Let p(d) = -10 - d - 4*d + d**2 + 2*d. What is the units digit of p(8)?
0
Let w be -2 - (-12 + 17)/(1*-1). Suppose 291 = 5*x - 3*h, 0 = -4*x - w*h + 90 + 132. What is the tens digit of x?
5
Let c = -82 - -98. Suppose 0 = -c*d + 1336 - 168. What is the units digit of d?
3
Let q(v) = -52 + 2*v - 12*v + v - v**2 + 54. Let n be q(-8). What is the units digit of n/(-4)*(-24)/20?
3
Suppose -2*m - 10 = -4*a - m, -2*a + 4*m = 2. Suppose 1 = -h + a. Suppose -3*v - h*o = o, v = 3*o + 16. What is the units digit of v?
4
Let h = 1 + 1. Suppose 3*r - 5*a - 766 = -3*a, -518 = -h*r + 5*a. What is the tens digit of r?
5
Let h = 262 + 19. What is the hundreds digit of h?
2
Let c(n) = 57*n - 39. What is the units digit of c(1)?
8
Suppose 3*p = -0*p - 15. Let i(q) = -q**2 - 5*q + 3. Let b be i(p). Suppose 0 = -4*k + 4*n + 44, b*n = -4*k + 5*n + 36. What is the units digit of k?
7
Let m = 68 - 65. Suppose m*c + 224 = 10*c. What is the units digit of c?
2
Let k(z) = -z**3 + 6*z**2 + 2*z - 9. Suppose 4*s = 9*s - 30. Let x be k(s). Suppose 27 + 9 = x*b. What is the tens digit of b?
1
Let m(u) = -1. Let h(k) = -6*k + 6. Let l(o) = h(o) + 15*m(o). What is the units digit of l(-3)?
9
Suppose -44 = 5*a - 54, -3*b + 8607 = -3*a. What is the thousands digit of b?
2
Let t be ((-4)/8)/(3/(-12)). Suppose t*n + 61 + 162 = 3*m, -4*m + 5*n = -295. What is the tens digit of m?
7
Suppose -5*j + 102 = -0*j + l, -5*l - 57 = -2*j. Suppose 6*q - 81 = j. What is the units digit of q?
7
Let j be ((-12)/(-10))/3 - (-662)/(-5). Let i = j - -218. What is the units digit of i?
6
Let b(v) = v**3 + 4*v**2 - 3*v - 3. Let c be b(-2). Let f(h) = -h + 28. Let n be f(9). Let j = n - c. What is the units digit of j?
8
Suppose 7*v - 4 - 66 = 0. What is the units digit of v?
0
Let n(u) = u**2 - 6*u - 11. Let j be n(-6). Let k = j - 21. What is the tens digit of k?
4
Let c be 5 - (-3 - (-993 - -2)). Let h = -701 - c. What is the hundreds digit of h?
2
Let n(l) = 13*l**2 - 39*l - 60. Let f(q) = 6*q**2 - 19*q - 30. Let a(c) = 9*f(c) - 4*n(c). What is the hundreds digit of a(13)?
1
Let h be -9*(10/66 + (-10)/(-55)). Let s(a) = -21*a + 23. What is the units digit of s(h)?
6
Suppose 396*m - 399*m = -2829. What is the tens digit of m?
4
Suppose -3*a + 987 = -4*q, 8*a - 3*a = 4*q + 997. What is the tens digit of (-10638)/q - (-4)/18?
4
Suppose -31*q + 2316 = 2*w - 35*q, -5*w + 5781 = -q. What is the hundreds digit of w?
1
Let j(y) = 122*y**3 - y**2 - 3*y + 2. Let r be j(2). Suppose -5*d + d + r = 0. Suppose -8*f - 82 = -d. What is the units digit of f?
0
Let m(a) = -a**2 + 21*a - 11. Let n be m(17). Suppose -4*u = -3*u - n. What is the tens digit of u?
5
Suppose -48 = -4*y - 0. Let w(z) = y - 2*z - 5*z + 0 + z**2 - 2*z. What is the tens digit of w(9)?
1
Let l(w) = 1